s**2 + 6 + 0 - 7 + 13*s. Let r = -11 - -26. What is the remainder when c(-9) is divided by r?
14
Let u be 2*(-2)/8*-22. Suppose 2*k + 2*j - 52 = 0, 2*k - u = 4*j + 11. What is the remainder when k is divided by 11?
10
Suppose -3*f - 4 = -h + 16, 0 = -3*h + 3*f + 42. Calculate the remainder when 42 is divided by h.
9
Let r(y) be the second derivative of -y**5/20 - 2*y**4/3 - y**3 + 3*y**2 + 2*y. Let m be r(-7). What is the remainder when 35 is divided by 12*(-2 - -1)*m?
11
Suppose -i = 3*i - 16. Let z = 17 - 15. Calculate the remainder when i is divided by z.
0
Let z be (-1)/(-2*(-1)/(-134)). Let n = z - 14. Suppose 23 = 4*a - n. Calculate the remainder when a is divided by 11.
8
Let b = 320 + -212. What is the remainder when b is divided by 16?
12
Let l = 31 - 23. What is the remainder when 9 is divided by l?
1
Suppose 0 = -4*b + 2*s - 5*s - 11, 4*b + 6 = 2*s. Suppose 0 = -0*t - 4*t - 4. Calculate the remainder when 31 is divided by b - (-2)/t*-9.
15
Let d(n) = -n**3 + 6*n**2 + 2*n + 14. Calculate the remainder when d(6) is divided by 10.
6
Let i be -2*1*(-21)/(-6). Suppose 12 = 2*m - 6*m. Let o = m - i. Calculate the remainder when 7 is divided by o.
3
Let j(o) = -22*o - 1. Let v(m) = -m + 4. Let z be v(5). Let a be j(z). Let d = a + 12. What is the remainder when d is divided by 12?
9
Let v = -269 + 457. Suppose -4*o = -4*g - v, -4*o = -0*o - 2*g - 182. Suppose 2*w - 75 = -3*w. What is the remainder when o is divided by w?
14
Suppose -3*l + 4*h = -0*l - 107, -l = -3*h - 39. Suppose 4*z + 4 - 52 = 0. Calculate the remainder when l is divided by z.
9
Let p = -9 - -19. What is the remainder when 18 is divided by p?
8
Let v(b) = -13*b - 1. Let q be 9/3*3/(-9). Let g be v(q). Let i = g + -7. Calculate the remainder when 17 is divided by i.
2
Let h(p) = -p - 1. Let r be h(-1). Calculate the remainder when (-62)/(-4)*(r - -2) is divided by 11.
9
Let a(i) = 2 - 91*i**3 - i**2 + 0*i - 2*i**2 + 3*i + 98*i**3. Calculate the remainder when a(2) is divided by 11.
8
Suppose -5*y + 10 = -5*t - 5, y + 12 = -4*t. Suppose -3*f = -y - 108. What is the remainder when 29 is divided by 6/f - 178/(-12)?
14
Let a = -56 + 156. What is the remainder when a is divided by 17?
15
Let u(n) = -n**3 - 13*n**2 - 12*n + 6. Let r be u(-12). Calculate the remainder when r - (-3 - (-5 - 1)) is divided by 3.
0
Suppose -2*g - 9 = -3*b, -2*b + 6 = -g - 0. Suppose j + b*t - 6 = 4*t, 3*j + 4*t = 11. Suppose -3*i + 0*i = -9. What is the remainder when j is divided by i?
2
Let y(z) = -2*z**2 - 3*z - 2. Let x be y(-3). Let j = 31 + x. Suppose -2*l + 12 = -j. What is the remainder when 30 is divided by l?
14
Let g(w) = 28*w**3 + 2*w**2 - 2*w + 1. What is the remainder when g(1) is divided by 8?
5
Let j(p) = p**2 - 7*p + 7. Let d(m) = m**3 - 2 + 6 + 3 - 6*m**2 + 6*m. Calculate the remainder when d(5) is divided by j(7).
5
Suppose c - 1 = 15. Let s be (-8)/(-44) - (-416)/11. Suppose -52 - s = -3*i. Calculate the remainder when i is divided by c.
14
Suppose -d = -5*j - 5*d + 70, 3*j - 42 = d. Let m(t) = 23*t - 1. Let p be m(-1). Let o = -16 - p. Calculate the remainder when j is divided by o.
6
Suppose -36 = -16*n + 14*n. What is the remainder when 47 is divided by n?
11
Suppose -3*a - 9 = 0, 5*g - 2*a - 3*a = -20. Let y = g - -16. Calculate the remainder when 24 is divided by y.
6
What is the remainder when (238/4)/(-7)*-2 is divided by 11?
6
Let f(d) = d - 4. Let z be f(5). Let j be (-1 - -1) + 26*z. Suppose j = 3*c + 5. Calculate the remainder when 11 is divided by c.
4
Let s = 13 - 0. What is the remainder when 37 is divided by s?
11
Let s = -6 + 14. Calculate the remainder when 61 is divided by s.
5
Suppose -4*d = -3*l - 0*l - 46, -60 = -5*d + 5*l. What is the remainder when (-7)/(-3 + (-22)/(-8)) is divided by d?
8
Let d = 35 + -23. Let z = 13 - -34. What is the remainder when z is divided by d?
11
Let t be (-2*1)/((-2)/(-68)). Suppose -54 = 2*d - c + 22, -d + 4*c = 24. Let v = d - t. What is the remainder when v is divided by 10?
8
Suppose 5*r + 75 = 2*w, 3*w - 48 = w - 4*r. What is the remainder when w is divided by 16?
14
Let k = -3 - -90. Calculate the remainder when k is divided by 30.
27
Let y be (-1)/4 - (-97)/4. Let d = 59 - y. Calculate the remainder when d is divided by 18.
17
Calculate the remainder when 14 is divided by (0 - 0) + 10 - (-38 + 40).
6
Let k = 37 - -58. Calculate the remainder when k is divided by 16.
15
Suppose 3*d = 77 + 25. What is the remainder when d is divided by 9?
7
Let t be (1 - 143)*6/(-12). Let y = t - 41. Let v(s) = -s + 8. What is the remainder when y is divided by v(-8)?
14
Suppose 2*n - 124 = -2*n. Let y be n/11 - 2/(-11). Suppose -3*t = -21 - y. Calculate the remainder when 22 is divided by t.
6
Let j be 6/((2 - 5)/(-3)). Suppose -4*o = -16, 3*o = c + j + 7. Let l = c + 3. Calculate the remainder when l is divided by 2.
0
Suppose 0 = -5*b - 0*b + 20. Suppose x = -b*x. Suppose 4*y = -x*y + 220. Calculate the remainder when y is divided by 19.
17
Suppose -4*o = -7*o - 3*f + 186, -3*o + 198 = -3*f. Suppose 4*q = o + 28. Let b = -13 + 21. Calculate the remainder when q is divided by b.
7
Let q = 5 + -1. Suppose q*w = 3*o - 22 - 0, 3*w + 44 = 5*o. Let c = 275 - 256. What is the remainder when c is divided by o?
9
Let c(m) = m**2 + 2*m + 2. Calculate the remainder when 12 is divided by c(-3).
2
Suppose 0 = -4*p + 12 + 8. Calculate the remainder when 39 is divided by p.
4
Suppose 0*l + l = 0. Suppose 3*y - 33 + l = 0. Calculate the remainder when y is divided by 7.
4
Suppose -3*t + 5*y = -238, -4*t + y = -4*y - 324. Calculate the remainder when t is divided by 22.
20
Suppose 3*a = v + 7, -10 = -0*v - 5*v. Calculate the remainder when 10 is divided by 12/a + (-1 - -3).
4
Let l = -101 - -201. Suppose l = 5*p - 3*p. Calculate the remainder when p is divided by 13.
11
Suppose 0 = -2*o + 18 + 34. What is the remainder when -6*(-2 + o/(-4)) is divided by 13?
12
Let p(v) = v**2 + 3*v + 2. Let f be p(-3). Suppose 5*j - 5*d = 155, -23 = -j + f*d + 11. Calculate the remainder when 82 is divided by j.
26
Let l = -40 + 59. Let n(o) = -o**2 - 8*o - 5. Let y be n(-4). Suppose 4*j - y = 3*j. What is the remainder when l is divided by j?
8
Suppose 3*g + 174 = -0*g. Let k = -25 - g. Calculate the remainder when k is divided by 12.
9
Suppose 14 + 14 = 4*s. Suppose 4*v + s = 19. Calculate the remainder when 19 is divided by v/6*14*1.
5
Let c(b) = -b**3 - 14*b**2 - 15*b - 10. Suppose -2*d = -5*d - 39. Calculate the remainder when c(d) is divided by 9.
7
Suppose -a = -4*a + 42. Suppose 0*r = -2*r + a. Calculate the remainder when r is divided by 3*(-8)/(-18)*3.
3
Let i(h) = 2*h + 3. What is the remainder when 66 is divided by i(7)?
15
Let t(z) = -15*z - 22. What is the remainder when 187 is divided by t(-4)?
35
Suppose 2*a - 4*t + 17 = 117, -5*a = 4*t - 250. Calculate the remainder when a is divided by 13.
11
Let s(o) = -o**3 - 4*o**2 - o - 8. Calculate the remainder when s(-5) is divided by 5.
2
Suppose 0 = -y - 3, 2 + 3 = -t - 4*y. Let u = -4 + t. Calculate the remainder when 5 is divided by u.
2
What is the remainder when 1*9/(27/42) is divided by 3?
2
Suppose 5*s - 17 = s - 3*w, 4*s - 5*w = 57. What is the remainder when 39 is divided by s + 1/(-1)*-2?
9
Suppose -1 = -2*g + 11. What is the remainder when 237/21 + (-4)/14 is divided by g?
5
Let t be 30*(-1 + 20/6). Suppose 0 = 3*n - 2*v - 37, -5*v = n + 4*n - t. Let p = -26 + 51. Calculate the remainder when p is divided by n.
12
Suppose 0 = -0*j - 3*j + 54. Suppose 0 = -2*v - v + 159. What is the remainder when v is divided by j?
17
Calculate the remainder when ((-38)/4)/(11/(-22)) is divided by 5.
4
Let g = -55 - -69. What is the remainder when 52 is divided by g?
10
Let p = -29 - -163. Suppose -2*v + p = 4*j, 11 = 5*j - 4*j + 5*v. Suppose 2*f - 5*k = 49, 4*f - j - 38 = 2*k. What is the remainder when f is divided by 9?
8
Suppose -3*h - 53 = -2*h. Let y = h - -77. What is the remainder when y is divided by 13?
11
Suppose 11*f + 18 = 13*f. What is the remainder when 12 is divided by f?
3
Suppose h + 4*f = 7, 2*f + 19 = 5*h + 6*f. Suppose -b - n = -h*n - 4, 5*b - 65 = n. What is the remainder when 41 is divided by b?
13
Let w(j) = -17*j**3 + 3*j**2 + 7*j + 5. What is the remainder when w(-2) is divided by 10?
9
S